vided by 33.
32
Calculate the remainder when 217 is divided by 8.
1
Calculate the remainder when 214 is divided by 56.
46
What is the remainder when 167 is divided by 153?
14
Calculate the remainder when 917 is divided by 100.
17
Calculate the remainder when 748 is divided by 246.
10
What is the remainder when 9379 is divided by 140?
139
Calculate the remainder when 118 is divided by 7.
6
What is the remainder when 3275 is divided by 126?
125
What is the remainder when 14362 is divided by 4785?
7
Calculate the remainder when 35 is divided by 35.
0
Calculate the remainder when 236 is divided by 56.
12
Calculate the remainder when 152 is divided by 4.
0
Calculate the remainder when 287 is divided by 5.
2
Calculate the remainder when 6824 is divided by 7.
6
What is the remainder when 1151 is divided by 94?
23
What is the remainder when 359 is divided by 91?
86
What is the remainder when 2292 is divided by 74?
72
What is the remainder when 489 is divided by 71?
63
Calculate the remainder when 209 is divided by 44.
33
What is the remainder when 23242 is divided by 26?
24
What is the remainder when 243 is divided by 61?
60
What is the remainder when 370 is divided by 73?
5
Calculate the remainder when 1444 is divided by 477.
13
Calculate the remainder when 52 is divided by 16.
4
What is the remainder when 559 is divided by 16?
15
Calculate the remainder when 121 is divided by 57.
7
What is the remainder when 229 is divided by 6?
1
What is the remainder when 703 is divided by 687?
16
What is the remainder when 381 is divided by 16?
13
What is the remainder when 5507 is divided by 95?
92
Calculate the remainder when 24 is divided by 22.
2
Calculate the remainder when 799 is divided by 81.
70
What is the remainder when 733 is divided by 21?
19
Calculate the remainder when 443 is divided by 435.
8
What is the remainder when 26 is divided by 3?
2
What is the remainder when 3486 is divided by 249?
0
Calculate the remainder when 2141 is divided by 365.
316
What is the remainder when 297 is divided by 107?
83
Calculate the remainder when 70 is divided by 8.
6
Calculate the remainder when 452 is divided by 24.
20
What is the remainder when 197 is divided by 33?
32
What is the remainder when 639 is divided by 43?
37
What is the remainder when 358 is divided by 98?
64
Calculate the remainder when 516 is divided by 133.
117
What is the remainder when 162 is divided by 83?
79
Calculate the remainder when 31 is divided by 17.
14
Calculate the remainder when 93 is divided by 5.
3
What is the remainder when 192 is divided by 144?
48
Calculate the remainder when 1435 is divided by 120.
115
Calculate the remainder when 1277 is divided by 66.
23
Calculate the remainder when 35052 is divided by 41.
38
What is the remainder when 1535 is divided by 96?
95
Calculate the remainder when 9150 is divided by 9.
6
What is the remainder when 757 is divided by 64?
53
Calculate the remainder when 3196 is divided by 178.
170
Calculate the remainder when 518 is divided by 10.
8
What is the remainder when 307 is divided by 80?
67
Calculate the remainder when 1515 is divided by 39.
33
Calculate the remainder when 334 is divided by 250.
84
Calculate the remainder when 22 is divided by 21.
1
What is the remainder when 672 is divided by 233?
206
What is the remainder when 378 is divided by 374?
4
What is the remainder when 405 is divided by 34?
31
What is the remainder when 766 is divided by 256?
254
Calculate the remainder when 2980 is divided by 596.
0
Calculate the remainder when 2942 is divided by 23.
21
What is the remainder when 5767 is divided by 14?
13
Calculate the remainder when 3757 is divided by 20.
17
What is the remainder when 48 is divided by 31?
17
What is the remainder when 1873 is divided by 69?
10
Calculate the remainder when 356 is divided by 9.
5
Calculate the remainder when 38 is divided by 5.
3
Calculate the remainder when 1021 is divided by 12.
1
Calculate the remainder when 112 is divided by 95.
17
What is the remainder when 825 is divided by 10?
5
Calculate the remainder when 1047 is divided by 497.
53
Calculate the remainder when 721 is divided by 187.
160
Calculate the remainder when 728 is divided by 181.
4
What is the remainder when 1567 is divided by 227?
205
What is the remainder when 3805 is divided by 1896?
13
What is the remainder when 494 is divided by 69?
11
Calculate the remainder when 24 is divided by 14.
10
Calculate the remainder when 409 is divided by 114.
67
What is the remainder when 186 is divided by 54?
24
Calculate the remainder when 9053 is divided by 283.
280
Calculate the remainder when 237 is divided by 24.
21
Calculate the remainder when 36 is divided by 8.
4
Calculate the remainder when 63 is divided by 17.
12
Calculate the remainder when 41888 is divided by 10.
8
Calculate the remainder when 43 is divided by 15.
13
Calculate the remainder when 1163 is divided by 42.
29
What is the remainder when 714 is divided by 184?
162
Calculate the remainder when 318 is divided by 16.
14
What is the remainder when 776 is divided by 19?
16
Calculate the remainder when 6051 is divided by 864.
3
Calculate the remainder when 192 is divided by 63.
3
What is the remainder when 1381 is divided by 43?
5
Calculate the remainder when 567 is divided by 304.
263
Calculate the remainder when 797 is divided by 340.
117
Calculate the remainder when 308 is divided by 75.
8
Calculate the remainder when 215 is divided by 24.
23
Calculate the remainder when 936 is divided by 134.
132
What is the remainder when 68 is divided by 39?
29
What is the remainder when 1013 is divided by 29?
27
Calculate the remainder when 572 is divided by 106.
42
Calculate the remainder when 206 is divided by 7.
3
Calculate the remainder when 1161 is divided by 5.
1
What is the remainder when 81 is divided by 14?
11
What is the remainder when 713 is divided by 339?
35
Calculate the remainder when 213 is divided by 114.
99
What is the remainder when 997 is divided by 20?
17
What is the remainder when 182 is divided by 57?
11
What is the remainder when 267 is divided by 77?
36
Calculate the remainder when 1247 is divided by 50.
47
What is the remainder when 318 is divided by 292?
26
Calculate the remainder when 287 is divided by 26.
1
What is the remainder when 3880 is divided by 278?
266
Calculate the remainder when 1013 is divided by 208.
181
Calculate the remainder when 73 is divided by 59.
14
Calculate the remainder when 179 is divided by 91.
88
Calculate the remainder when 254 is divided by 53.
42
Calculate the remainder when 54 is divided by 20.
14
Calculate the remainder when 105 is divided by 92.
13
Calculate the remainder when 178 is divided by 26.
22
What is the remainder when 1615 is divided by 18?
13
What is the remainder when 896 is divided by 426?
44
Calculate the remainder when 180 is divided by 27.
18
What is the remainder when 55 is divided by 31?
24
What is the remainder when 1619 is divided by 27?
26
What is the remainder when 374 is divided by 191?
183
What is the remainder when 250 is divided by 64?
58
What is the remainder when 1615 is divided by 112?
47
What is the remainder when 1399 is divided by 79?
56
What is the remainder when 1862 is divided by 23?
22
What is the remainder when 388 is divided by 95?
8
What is the remainder when 1354 is divided by 265?
29
Calculate the remainder when 425 is divided by 71.
70
Calculate the remainder when 275 is divided by 75.
50
What is the remainder when 118 is divided by 12?
10
What is the remainder when 2562 is divided by 170?
12
Calculate the remainder when 890 is divided by 179.
174
Calculate the remainder when 372 is divided by 121.
9
What is the remainder when 2131 is divided by 241?
203
Calculate the remainder when 8884 is divided by 8.
4
Calculate the remainder when 437 is divided by 140.
17
What is the remainder when 128 is divided by 51?
26
Calculate the remainder when 122 is divided by 68.
54
Calculate the remainder when 1408 is divided by 352.
0
Calculate the remainder when 1624 is divided by 125.
124
What is the remainder when 361 is divided by 19?
0
Calculate the remainder when 48 is divided by 41.
7
Calculate the remainder when 223 is divided by 15.
13
What is the remainder when 4039 is divided by 9?
7
What is 